 is divided by 524.
126
Calculate the remainder when 202257448 is divided by 1825.
1823
Calculate the remainder when 15020588 is divided by 26.
24
Calculate the remainder when 122320 is divided by 24463.
5
Calculate the remainder when 2106759 is divided by 18810.
39
Calculate the remainder when 231831 is divided by 9076.
4931
Calculate the remainder when 4049889 is divided by 386.
363
What is the remainder when 21213863 is divided by 21213851?
12
What is the remainder when 4596238 is divided by 66?
64
What is the remainder when 540830 is divided by 5941?
199
Calculate the remainder when 403746 is divided by 38.
34
What is the remainder when 6188180 is divided by 2002?
2000
What is the remainder when 4336671 is divided by 605?
31
What is the remainder when 40472889 is divided by 1300?
1289
What is the remainder when 557094 is divided by 6794?
6780
What is the remainder when 115141 is divided by 1885?
156
Calculate the remainder when 175849 is divided by 43960.
9
Calculate the remainder when 664256 is divided by 5826.
92
What is the remainder when 911652 is divided by 8286?
192
Calculate the remainder when 87157 is divided by 108.
1
What is the remainder when 205610 is divided by 7615?
5
What is the remainder when 34699641 is divided by 498?
495
Calculate the remainder when 1304148 is divided by 1416.
12
What is the remainder when 1443904 is divided by 86?
50
Calculate the remainder when 1305205 is divided by 49.
41
What is the remainder when 14212 is divided by 342?
190
What is the remainder when 55446172 is divided by 18481992?
196
What is the remainder when 460749 is divided by 360?
309
What is the remainder when 2455484 is divided by 148?
16
What is the remainder when 12329746 is divided by 1369971?
7
What is the remainder when 157448 is divided by 31477?
63
Calculate the remainder when 275081 is divided by 493.
480
What is the remainder when 3247809 is divided by 191013?
588
What is the remainder when 1512901038 is divided by 461?
458
What is the remainder when 5212405 is divided by 164?
157
Calculate the remainder when 2541872 is divided by 169457.
17
Calculate the remainder when 18494285 is divided by 267.
263
What is the remainder when 557982 is divided by 314?
4
What is the remainder when 3043118 is divided by 23224?
774
Calculate the remainder when 6243786 is divided by 1134.
1116
What is the remainder when 220971 is divided by 36778?
303
What is the remainder when 873234 is divided by 5821?
84
What is the remainder when 1166020 is divided by 93?
79
What is the remainder when 99513 is divided by 1931?
1032
What is the remainder when 226327 is divided by 226053?
274
What is the remainder when 4925018 is divided by 3082?
3064
What is the remainder when 272894 is divided by 1074?
98
What is the remainder when 1971922 is divided by 111?
7
What is the remainder when 87552 is divided by 985?
872
What is the remainder when 41132039 is divided by 979334?
11
What is the remainder when 511912 is divided by 2151?
2125
What is the remainder when 244813 is divided by 859?
857
Calculate the remainder when 30627876 is divided by 141.
138
What is the remainder when 118100669 is divided by 555?
554
What is the remainder when 1021474 is divided by 1293?
4
What is the remainder when 135887 is divided by 66684?
2519
Calculate the remainder when 5565700 is divided by 192.
4
What is the remainder when 3008278 is divided by 42370?
8
Calculate the remainder when 232643 is divided by 232605.
38
What is the remainder when 1082613 is divided by 375?
363
What is the remainder when 15481298 is divided by 85532?
6
What is the remainder when 24731710 is divided by 6182888?
158
Calculate the remainder when 6137027 is divided by 278953.
61
Calculate the remainder when 2113661 is divided by 14.
11
Calculate the remainder when 4492112 is divided by 45.
32
What is the remainder when 589595 is divided by 589573?
22
What is the remainder when 148724904 is divided by 153?
30
What is the remainder when 3246727 is divided by 811679?
11
Calculate the remainder when 478178 is divided by 130.
38
What is the remainder when 892934 is divided by 21775?
159
What is the remainder when 14205733 is divided by 33?
25
Calculate the remainder when 2301225 is divided by 459763.
2410
Calculate the remainder when 88980 is divided by 4048.
3972
What is the remainder when 235491 is divided by 568?
339
Calculate the remainder when 86820 is divided by 82996.
3824
What is the remainder when 57554715 is divided by 791?
764
Calculate the remainder when 180601 is divided by 22552.
185
What is the remainder when 9384404 is divided by 2706?
2702
What is the remainder when 80461442 is divided by 9103?
25
Calculate the remainder when 625174 is divided by 717.
667
Calculate the remainder when 300118 is divided by 1149.
229
Calculate the remainder when 440170 is divided by 2158.
2096
What is the remainder when 229686 is divided by 151?
15
Calculate the remainder when 229910 is divided by 316.
178
Calculate the remainder when 432794 is divided by 144147.
353
What is the remainder when 594604 is divided by 1957?
1633
What is the remainder when 853084 is divided by 213267?
16
What is the remainder when 766608 is divided by 445?
318
What is the remainder when 76488 is divided by 229?
2
Calculate the remainder when 205394 is divided by 1388.
1358
What is the remainder when 13589660 is divided by 614?
612
What is the remainder when 2192776 is divided by 70718?
518
Calculate the remainder when 429313 is divided by 2713.
659
Calculate the remainder when 50474 is divided by 1620.
254
Calculate the remainder when 45733 is divided by 44953.
780
What is the remainder when 1659587 is divided by 5885?
17
What is the remainder when 16838 is divided by 15025?
1813
Calculate the remainder when 1998673 is divided by 12414.
19
Calculate the remainder when 8426737 is divided by 158.
123
What is the remainder when 2099160 is divided by 69?
42
What is the remainder when 16824464 is divided by 233?
0
Calculate the remainder when 535590 is divided by 2005.
255
What is the remainder when 3780379 is divided by 270022?
71
What is the remainder when 34734121 is divided by 737?
48
Calculate the remainder when 7432681 is divided by 79071.
7
Calculate the remainder when 6376200 is divided by 206.
88
What is the remainder when 1207017 is divided by 1618?
1607
Calculate the remainder when 14529889 is divided by 2373.
10
What is the remainder when 4137 is divided by 477?
321
What is the remainder when 18421993 is divided by 35?
23
What is the remainder when 2583804 is divided by 27?
12
What is the remainder when 850581089 is divided by 30?
29
Calculate the remainder when 148236090 is divided by 74118039.
12
What is the remainder when 86909 is divided by 42844?
1221
Calculate the remainder when 1121755 is divided by 59.
47
Calculate the remainder when 1648052 is divided by 1405.
1392
What is the remainder when 7856906 is divided by 17?
16
What is the remainder when 52976 is divided by 26385?
206
Calculate the remainder when 12011239 is divided by 88972.
19
What is the remainder when 390699 is divided by 109?
43
What is the remainder when 225383 is divided by 282?
65
Calculate the remainder when 191331 is divided by 21235.
216
What is the remainder when 11895806 is divided by 396526?
26
Calculate the remainder when 4558928 is divided by 38.
30
Calculate the remainder when 1273132 is divided by 19286.
256
What is the remainder when 1267773 is divided by 2092?
21
Calculate the remainder when 34970225 is divided by 169.
69
Calculate the remainder when 2702476 is divided by 428.
84
Calculate the remainder when 3181630 is divided by 876.
874
Calculate the remainder when 13484 is divided by 3928.
1700
Calculate the remainder when 19238451 is divided by 4809608.
19
What is the remainder when 853867 is divided by 121978?
21
What is the remainder when 330670 is divided by 1043?
39
What is the remainder when 79388 is divided by 8797?
215
What is the remainder when 2639444 is divided by 18329?
68
What is the remainder when 119588566 is divided by 1474?
1472
Calculate the remainder when 1492694 is divided by 888.
854
What is the remainder when 50583 is divided by 728?
351
What is the remainder when 17056527 is divided by 5?
2
What is the remainder